{"id":2998,"date":"2020-02-04T02:17:36","date_gmt":"2020-02-04T02:17:36","guid":{"rendered":"https:\/\/themebing.com\/wp\/amike\/?page_id=2998"},"modified":"2024-07-06T17:52:49","modified_gmt":"2024-07-06T17:52:49","slug":"biografie","status":"publish","type":"page","link":"https:\/\/manfred-schwaiger.at\/index.php\/biografie\/","title":{"rendered":"Biografie"},"content":{"rendered":"\t\t<div data-elementor-type=\"wp-page\" data-elementor-id=\"2998\" class=\"elementor elementor-2998\">\n\t\t\t\t\t\t<div class=\"elementor-inner\">\n\t\t\t\t<div class=\"elementor-section-wrap\">\n\t\t\t\t\t\t\t\t\t<section class=\"elementor-section elementor-top-section elementor-element elementor-element-1a47ede elementor-section-stretched elementor-section-boxed elementor-section-height-default elementor-section-height-default\" data-id=\"1a47ede\" data-element_type=\"section\" data-settings=\"{&quot;stretch_section&quot;:&quot;section-stretched&quot;,&quot;background_background&quot;:&quot;classic&quot;}\">\n\t\t\t\t\t\t<div class=\"elementor-container elementor-column-gap-default\">\n\t\t\t\t\t\t\t<div class=\"elementor-row\">\n\t\t\t\t\t<div class=\"elementor-column elementor-col-50 elementor-top-column elementor-element elementor-element-e35f63b animated-slow elementor-invisible\" data-id=\"e35f63b\" data-element_type=\"column\" data-settings=\"{&quot;animation&quot;:&quot;fadeInLeft&quot;,&quot;animation_delay&quot;:200}\">\n\t\t\t<div class=\"elementor-column-wrap elementor-element-populated\">\n\t\t\t\t\t\t\t<div class=\"elementor-widget-wrap\">\n\t\t\t\t\t\t<div class=\"elementor-element elementor-element-5d77e94 elementor-widget elementor-widget-image\" data-id=\"5d77e94\" data-element_type=\"widget\" data-widget_type=\"image.default\">\n\t\t\t\t<div class=\"elementor-widget-container\">\n\t\t\t\t\t\t\t\t<div class=\"elementor-image\">\n\t\t\t\t\t\t\t\t\t\t\t\t<img src=\"https:\/\/manfred-schwaiger.at\/wp-content\/uploads\/elementor\/thumbs\/profil-1-or3gyutevlsfxpk4npegeatrjg8n6dxqmdm4rnbx8g.png\" title=\"profil\" alt=\"profil\" \/>\t\t\t\t\t\t\t\t\t\t\t\t\t\t<\/div>\n\t\t\t\t\t\t<\/div>\n\t\t\t\t<\/div>\n\t\t\t\t\t\t<\/div>\n\t\t\t\t\t<\/div>\n\t\t<\/div>\n\t\t\t\t<div class=\"elementor-column elementor-col-50 elementor-top-column elementor-element elementor-element-832b327 animated-slow elementor-invisible\" data-id=\"832b327\" data-element_type=\"column\" data-settings=\"{&quot;animation&quot;:&quot;fadeInRight&quot;,&quot;animation_delay&quot;:200}\">\n\t\t\t<div class=\"elementor-column-wrap elementor-element-populated\">\n\t\t\t\t\t\t\t<div class=\"elementor-widget-wrap\">\n\t\t\t\t\t\t<section class=\"elementor-section elementor-inner-section elementor-element elementor-element-7a34e14 elementor-section-boxed elementor-section-height-default elementor-section-height-default\" data-id=\"7a34e14\" data-element_type=\"section\">\n\t\t\t\t\t\t<div class=\"elementor-container elementor-column-gap-default\">\n\t\t\t\t\t\t\t<div class=\"elementor-row\">\n\t\t\t\t\t<div class=\"elementor-column elementor-col-100 elementor-inner-column elementor-element elementor-element-3105a99\" data-id=\"3105a99\" data-element_type=\"column\">\n\t\t\t<div class=\"elementor-column-wrap elementor-element-populated\">\n\t\t\t\t\t\t\t<div class=\"elementor-widget-wrap\">\n\t\t\t\t\t\t<div class=\"elementor-element elementor-element-55c6d83 elementor-widget elementor-widget-text-editor\" data-id=\"55c6d83\" data-element_type=\"widget\" data-widget_type=\"text-editor.default\">\n\t\t\t\t<div class=\"elementor-widget-container\">\n\t\t\t\t\t\t\t\t<div class=\"elementor-text-editor elementor-clearfix\">\n\t\t\t\t<h3>Kom\u00f6diantischer Bassbariton<\/h3><p>Manfred Schwaiger wurde in Wien geboren und hat erst relativ sp\u00e4t, nach einer kaufm\u00e4nnischen Ausbildung und zehn Jahren B\u00fcrot\u00e4tigkeit, seine k\u00fcnstlerische Laufbahn begonnen. Er absolvierte sein Gesangsstudium am Konservatorium der Stadt Wien in der Sologesangsklasse Christine Schwarz und besuchte w\u00e4hrend seiner Studienzeit auch die Opernschule bei KS Waldemar Kmentt, sowie den Operettenlehrgang bei Lucia Meschwitz. Nach seinem Studienabschluss mit Diplom im Jahre 2000 war er freiberuflich als kom\u00f6diantischer Bassbariton in vielen Produktionen in den Sparten Oper-Operette-Musical engagiert. Unter anderem spielte er als Solist bei den Operettenwochen Bad Ischl, beim Laxenburger Kultursommer, mit der Opera Pannonica in Lockenhaus, mit der Neuen Oper Wien, beim Klangbogen-Festival im Rathaus Wien, im Stadttheater Baden (B\u00fchne Baden), im R\u00f6mersteinbruch bei den Opernfestspielen St.Margarethen (u.a. als \u201ePapageno\u201c in der \u201eZauberfl\u00f6te\u201c), im MuTh mit den Wiener S\u00e4ngerknaben (u.a. als \u201eBlack Bob\u201c in \u201eThe Little Sweep\u201c) und im Wald4tler Hoftheater (u.a. als \u201eLeopold\u201c im \u201eWei\u00dfen R\u00f6ssl\u201c). Zahlreiche Tourneen f\u00fchrten ihn mit Musicals (Konzertdirektion Landgraf) und Operetten (schlote-productions Salzburger Operettentheater) quer durch Europa. Gro\u00dfe Erfolge konnte er dabei u.a. als \u201eTevje\u201c im Musical \u201eAnatevka\u201c und als \u201eFrosch\u201c in der Operette \u201eDie Fledermaus\u201c feiern. Nach Japan f\u00fchrten ihn 15 Tourneen mit Opern und Operetten.\u00a0<\/p><dl class=\"ts-column-count-2 additional-info-block\"><\/dl>\t\t\t\t\t<\/div>\n\t\t\t\t\t\t<\/div>\n\t\t\t\t<\/div>\n\t\t\t\t\t\t<\/div>\n\t\t\t\t\t<\/div>\n\t\t<\/div>\n\t\t\t\t\t\t\t\t<\/div>\n\t\t\t\t\t<\/div>\n\t\t<\/section>\n\t\t\t\t\t\t<\/div>\n\t\t\t\t\t<\/div>\n\t\t<\/div>\n\t\t\t\t\t\t\t\t<\/div>\n\t\t\t\t\t<\/div>\n\t\t<\/section>\n\t\t\t\t<section class=\"elementor-section elementor-top-section elementor-element elementor-element-ea16871 elementor-section-stretched elementor-section-boxed elementor-section-height-default elementor-section-height-default\" data-id=\"ea16871\" data-element_type=\"section\" data-settings=\"{&quot;stretch_section&quot;:&quot;section-stretched&quot;,&quot;background_background&quot;:&quot;classic&quot;}\">\n\t\t\t\t\t\t<div class=\"elementor-container elementor-column-gap-default\">\n\t\t\t\t\t\t\t<div class=\"elementor-row\">\n\t\t\t\t\t<div class=\"elementor-column elementor-col-100 elementor-top-column elementor-element elementor-element-58b22a8 animated-slow elementor-invisible\" data-id=\"58b22a8\" data-element_type=\"column\" data-settings=\"{&quot;animation&quot;:&quot;fadeInRight&quot;,&quot;animation_delay&quot;:200}\">\n\t\t\t<div class=\"elementor-column-wrap elementor-element-populated\">\n\t\t\t\t\t\t\t<div class=\"elementor-widget-wrap\">\n\t\t\t\t\t\t<section class=\"elementor-section elementor-inner-section elementor-element elementor-element-e56b8a9 elementor-section-boxed elementor-section-height-default elementor-section-height-default\" data-id=\"e56b8a9\" data-element_type=\"section\">\n\t\t\t\t\t\t<div class=\"elementor-container elementor-column-gap-default\">\n\t\t\t\t\t\t\t<div class=\"elementor-row\">\n\t\t\t\t\t<div class=\"elementor-column elementor-col-100 elementor-inner-column elementor-element elementor-element-6ebe59a\" data-id=\"6ebe59a\" data-element_type=\"column\">\n\t\t\t<div class=\"elementor-column-wrap elementor-element-populated\">\n\t\t\t\t\t\t\t<div class=\"elementor-widget-wrap\">\n\t\t\t\t\t\t<div class=\"elementor-element elementor-element-9d98882 elementor-widget elementor-widget-text-editor\" data-id=\"9d98882\" data-element_type=\"widget\" data-widget_type=\"text-editor.default\">\n\t\t\t\t<div class=\"elementor-widget-container\">\n\t\t\t\t\t\t\t\t<div class=\"elementor-text-editor elementor-clearfix\">\n\t\t\t\t<p>2022 war er bei den Salzburger Festspielen erstmals solistisch unter der Regie von Rolando Villaz\u00f3n In der Oper &#8222;Il barbiere di Siviglia&#8220; als &#8222;Domenico La Forza&#8220; (Un ufficiale im Original) sowohl zu Pfingsten als auch im Sommer erfolgreich engagiert. Mit dem Salzburger Barbiere-Ensemble war er dann auch bei der Rossini Gala im Rahmen der Rossini-Mania im Sommer 2022 an der Wiener Staatsoper im Einsatz. <br \/>Vor allem Theater f\u00fcr und mit Kindern war und ist ihm immer ein gro\u00dfes Anliegen. So war er auch der Premieren-Papageno bei den Kinderopernensembles Papageno und Piccolino und spielte mit diesen Tourneetheatern f\u00fcr Kinder jeweils hunderte Vorstellungen als Papageno, und auch andere Rollen. 2011 gr\u00fcndete er sein eigenes Kindertheater \u201eZauberhaftes Musiktheater\u201c mit dem er bis jetzt erfolgreich sechs verschiedene St\u00fccke f\u00fcr Schulen und Kinderg\u00e4rten anbietet . Darunter auch \u201eDie kleine Zauberfl\u00f6te\u201c und \u201eH\u00e4nsel und Gretel\u201c. Mit mehrt\u00e4gigen Workshops an Schulen und Kinderg\u00e4rten konnte er viele Kinder f\u00fcr die klassische Musik begeistern, die ihre Talente dann auf der B\u00fchne zeigen konnten. Weiters war er bei drei Produktionen von teatro-Musicals f\u00fcr ein junges Publikum engagiert. (u.a. als \u201eBalu\u201c im \u201eDschungelbuch\u201c und \u201eEisb\u00e4r Paul\u201c in der \u201eKonferenz der Tiere\u201c). Die absolute Lebensrolle ist aber mit Sicherheit der \u201ePapageno\u201c, den er bisher in 13 verschiedenen L\u00e4ndern insgesamt \u00fcber 1.000 Mal gesungen hat!<br \/>Neben der solistischen T\u00e4tigkeit wurde er auch bei vielen Produktionen im Philharmonia-Chor Wien unter der Leitung von Prof. Walter Zeh eingesetzt. Opern und Konzerte f\u00fchrten ihn zu den Salzburger Festspielen, zu den Opernfestspielen Baden-Baden aber auch nach Buenos Aires (Teatro Col\u00f3n), Paris (Th\u00e9\u00e2tre des Champs Elys\u00e9es), Madrid (Teatro Real), Ravenna, Reggio Emilia und Ferrara, sowie nach Peking (Poly-Theater) und mit einer Gastspielreise der Salzburger Festspiele nach Osaka, Nagoya und Tokio. Dabei arbeitete er mit zahlreichen namhaften Dirigenten wie Claudio Abbado, Riccardo Muti, Zubin Mehta, Paolo Carignani, Marc Minkowski , Christian Thielemann und Sir Simon Rattle.<br \/>Als Sprecher und Moderator war er bei Konzerten und verschiedensten Veranstaltungen im Einsatz. Unter anderem moderierte er eine gro\u00dfe Operettengala mit dem Salzburger Operettentheater auf Tournee in Deutschland und \u00d6sterreich.<br \/>Sein Talent als Entertainer und Betreuer von gro\u00dfen und kleinen G\u00e4sten konnte er auch im \u201eFeriendorf zum st\u00f6rrischen Esel\u201c (Club Alpin Autrichien) in Calvi auf Korsika beweisen, wo er seit 2002 immer wieder als Chef-Animateur im k\u00fcnstlerischen Bereich im Einsatz war. Zahlreiche Workshops, klassische Liederabende aber auch Ausfl\u00fcge ins Kabarett (u.a. als \u201eButler James\u201c im Sketch \u201eDinner for one\u201c) waren von Erfolg gekr\u00f6nt und wurden vom Ferienpublikum sehr gesch\u00e4tzt.<\/p><dl class=\"ts-column-count-2 additional-info-block\"><\/dl>\t\t\t\t\t<\/div>\n\t\t\t\t\t\t<\/div>\n\t\t\t\t<\/div>\n\t\t\t\t\t\t<\/div>\n\t\t\t\t\t<\/div>\n\t\t<\/div>\n\t\t\t\t\t\t\t\t<\/div>\n\t\t\t\t\t<\/div>\n\t\t<\/section>\n\t\t\t\t\t\t<\/div>\n\t\t\t\t\t<\/div>\n\t\t<\/div>\n\t\t\t\t\t\t\t\t<\/div>\n\t\t\t\t\t<\/div>\n\t\t<\/section>\n\t\t\t\t\t\t\t\t\t<\/div>\n\t\t\t<\/div>\n\t\t\t\t\t<\/div>\n\t\t","protected":false},"excerpt":{"rendered":"<p>Kom\u00f6diantischer Bassbariton Manfred Schwaiger wurde in Wien geboren und hat erst relativ sp\u00e4t, nach einer kaufm\u00e4nnischen Ausbildung und zehn Jahren B\u00fcrot\u00e4tigkeit, seine k\u00fcnstlerische Laufbahn begonnen. Er absolvierte sein Gesangsstudium am Konservatorium der Stadt Wien in der Sologesangsklasse Christine Schwarz und besuchte w\u00e4hrend seiner Studienzeit auch die Opernschule bei KS Waldemar Kmentt, sowie den Operettenlehrgang bei [&hellip;]<\/p>\n","protected":false},"author":1,"featured_media":0,"parent":0,"menu_order":0,"comment_status":"closed","ping_status":"closed","template":"","meta":[],"_links":{"self":[{"href":"https:\/\/manfred-schwaiger.at\/index.php\/wp-json\/wp\/v2\/pages\/2998"}],"collection":[{"href":"https:\/\/manfred-schwaiger.at\/index.php\/wp-json\/wp\/v2\/pages"}],"about":[{"href":"https:\/\/manfred-schwaiger.at\/index.php\/wp-json\/wp\/v2\/types\/page"}],"author":[{"embeddable":true,"href":"https:\/\/manfred-schwaiger.at\/index.php\/wp-json\/wp\/v2\/users\/1"}],"replies":[{"embeddable":true,"href":"https:\/\/manfred-schwaiger.at\/index.php\/wp-json\/wp\/v2\/comments?post=2998"}],"version-history":[{"count":26,"href":"https:\/\/manfred-schwaiger.at\/index.php\/wp-json\/wp\/v2\/pages\/2998\/revisions"}],"predecessor-version":[{"id":3617,"href":"https:\/\/manfred-schwaiger.at\/index.php\/wp-json\/wp\/v2\/pages\/2998\/revisions\/3617"}],"wp:attachment":[{"href":"https:\/\/manfred-schwaiger.at\/index.php\/wp-json\/wp\/v2\/media?parent=2998"}],"curies":[{"name":"wp","href":"https:\/\/api.w.org\/{rel}","templated":true}]}}

<div data-elementor-type="wp-page" data-elementor-id="2998" class="elementor elementor-2998">
						<div class="elementor-inner">
				<div class="elementor-section-wrap">
									<section class="elementor-section elementor-top-section elementor-element elementor-element-1a47ede elementor-section-stretched elementor-section-boxed elementor-section-height-default elementor-section-height-default" data-id="1a47ede" data-element_type="section" data-settings="{&quot;stretch_section&quot;:&quot;section-stretched&quot;,&quot;background_background&quot;:&quot;classic&quot;}">
						<div class="elementor-container elementor-column-gap-default">
							<div class="elementor-row">
					<div class="elementor-column elementor-col-50 elementor-top-column elementor-element elementor-element-e35f63b animated-slow elementor-invisible" data-id="e35f63b" data-element_type="column" data-settings="{&quot;animation&quot;:&quot;fadeInLeft&quot;,&quot;animation_delay&quot;:200}">
			<div class="elementor-column-wrap elementor-element-populated">
							<div class="elementor-widget-wrap">
						<div class="elementor-element elementor-element-5d77e94 elementor-widget elementor-widget-image" data-id="5d77e94" data-element_type="widget" data-widget_type="image.default">
				<div class="elementor-widget-container">
								<div class="elementor-image">
												<img src="https://manfred-schwaiger.at/wp-content/uploads/elementor/thumbs/profil-1-or3gyutevlsfxpk4npegeatrjg8n6dxqmdm4rnbx8g.png" title="profil" alt="profil" />														</div>
						</div>
				</div>
						</div>
					</div>
		</div>
				<div class="elementor-column elementor-col-50 elementor-top-column elementor-element elementor-element-832b327 animated-slow elementor-invisible" data-id="832b327" data-element_type="column" data-settings="{&quot;animation&quot;:&quot;fadeInRight&quot;,&quot;animation_delay&quot;:200}">
			<div class="elementor-column-wrap elementor-element-populated">
							<div class="elementor-widget-wrap">
						<section class="elementor-section elementor-inner-section elementor-element elementor-element-7a34e14 elementor-section-boxed elementor-section-height-default elementor-section-height-default" data-id="7a34e14" data-element_type="section">
						<div class="elementor-container elementor-column-gap-default">
							<div class="elementor-row">
					<div class="elementor-column elementor-col-100 elementor-inner-column elementor-element elementor-element-3105a99" data-id="3105a99" data-element_type="column">
			<div class="elementor-column-wrap elementor-element-populated">
							<div class="elementor-widget-wrap">
						<div class="elementor-element elementor-element-55c6d83 elementor-widget elementor-widget-text-editor" data-id="55c6d83" data-element_type="widget" data-widget_type="text-editor.default">
				<div class="elementor-widget-container">
								<div class="elementor-text-editor elementor-clearfix">
				<h3>Komödiantischer Bassbariton</h3><p>Manfred Schwaiger wurde in Wien geboren und hat erst relativ spät, nach einer kaufmännischen Ausbildung und zehn Jahren Bürotätigkeit, seine künstlerische Laufbahn begonnen. Er absolvierte sein Gesangsstudium am Konservatorium der Stadt Wien in der Sologesangsklasse Christine Schwarz und besuchte während seiner Studienzeit auch die Opernschule bei KS Waldemar Kmentt, sowie den Operettenlehrgang bei Lucia Meschwitz. Nach seinem Studienabschluss mit Diplom im Jahre 2000 war er freiberuflich als komödiantischer Bassbariton in vielen Produktionen in den Sparten Oper-Operette-Musical engagiert. Unter anderem spielte er als Solist bei den Operettenwochen Bad Ischl, beim Laxenburger Kultursommer, mit der Opera Pannonica in Lockenhaus, mit der Neuen Oper Wien, beim Klangbogen-Festival im Rathaus Wien, im Stadttheater Baden (Bühne Baden), im Römersteinbruch bei den Opernfestspielen St.Margarethen (u.a. als „Papageno“ in der „Zauberflöte“), im MuTh mit den Wiener Sängerknaben (u.a. als „Black Bob“ in „The Little Sweep“) und im Wald4tler Hoftheater (u.a. als „Leopold“ im „Weißen Rössl“). Zahlreiche Tourneen führten ihn mit Musicals (Konzertdirektion Landgraf) und Operetten (schlote-productions Salzburger Operettentheater) quer durch Europa. Große Erfolge konnte er dabei u.a. als „Tevje“ im Musical „Anatevka“ und als „Frosch“ in der Operette „Die Fledermaus“ feiern. Nach Japan führten ihn 15 Tourneen mit Opern und Operetten. </p><dl class="ts-column-count-2 additional-info-block"></dl>					</div>
						</div>
				</div>
						</div>
					</div>
		</div>
								</div>
					</div>
		</section>
						</div>
					</div>
		</div>
								</div>
					</div>
		</section>
				<section class="elementor-section elementor-top-section elementor-element elementor-element-ea16871 elementor-section-stretched elementor-section-boxed elementor-section-height-default elementor-section-height-default" data-id="ea16871" data-element_type="section" data-settings="{&quot;stretch_section&quot;:&quot;section-stretched&quot;,&quot;background_background&quot;:&quot;classic&quot;}">
						<div class="elementor-container elementor-column-gap-default">
							<div class="elementor-row">
					<div class="elementor-column elementor-col-100 elementor-top-column elementor-element elementor-element-58b22a8 animated-slow elementor-invisible" data-id="58b22a8" data-element_type="column" data-settings="{&quot;animation&quot;:&quot;fadeInRight&quot;,&quot;animation_delay&quot;:200}">
			<div class="elementor-column-wrap elementor-element-populated">
							<div class="elementor-widget-wrap">
						<section class="elementor-section elementor-inner-section elementor-element elementor-element-e56b8a9 elementor-section-boxed elementor-section-height-default elementor-section-height-default" data-id="e56b8a9" data-element_type="section">
						<div class="elementor-container elementor-column-gap-default">
							<div class="elementor-row">
					<div class="elementor-column elementor-col-100 elementor-inner-column elementor-element elementor-element-6ebe59a" data-id="6ebe59a" data-element_type="column">
			<div class="elementor-column-wrap elementor-element-populated">
							<div class="elementor-widget-wrap">
						<div class="elementor-element elementor-element-9d98882 elementor-widget elementor-widget-text-editor" data-id="9d98882" data-element_type="widget" data-widget_type="text-editor.default">
				<div class="elementor-widget-container">
								<div class="elementor-text-editor elementor-clearfix">
				<p>2022 war er bei den Salzburger Festspielen erstmals solistisch unter der Regie von Rolando Villazón In der Oper &#8222;Il barbiere di Siviglia&#8220; als &#8222;Domenico La Forza&#8220; (Un ufficiale im Original) sowohl zu Pfingsten als auch im Sommer erfolgreich engagiert. Mit dem Salzburger Barbiere-Ensemble war er dann auch bei der Rossini Gala im Rahmen der Rossini-Mania im Sommer 2022 an der Wiener Staatsoper im Einsatz. <br />Vor allem Theater für und mit Kindern war und ist ihm immer ein großes Anliegen. So war er auch der Premieren-Papageno bei den Kinderopernensembles Papageno und Piccolino und spielte mit diesen Tourneetheatern für Kinder jeweils hunderte Vorstellungen als Papageno, und auch andere Rollen. 2011 gründete er sein eigenes Kindertheater „Zauberhaftes Musiktheater“ mit dem er bis jetzt erfolgreich sechs verschiedene Stücke für Schulen und Kindergärten anbietet . Darunter auch „Die kleine Zauberflöte“ und „Hänsel und Gretel“. Mit mehrtägigen Workshops an Schulen und Kindergärten konnte er viele Kinder für die klassische Musik begeistern, die ihre Talente dann auf der Bühne zeigen konnten. Weiters war er bei drei Produktionen von teatro-Musicals für ein junges Publikum engagiert. (u.a. als „Balu“ im „Dschungelbuch“ und „Eisbär Paul“ in der „Konferenz der Tiere“). Die absolute Lebensrolle ist aber mit Sicherheit der „Papageno“, den er bisher in 13 verschiedenen Ländern insgesamt über 1.000 Mal gesungen hat!<br />Neben der solistischen Tätigkeit wurde er auch bei vielen Produktionen im Philharmonia-Chor Wien unter der Leitung von Prof. Walter Zeh eingesetzt. Opern und Konzerte führten ihn zu den Salzburger Festspielen, zu den Opernfestspielen Baden-Baden aber auch nach Buenos Aires (Teatro Colón), Paris (Théâtre des Champs Elysées), Madrid (Teatro Real), Ravenna, Reggio Emilia und Ferrara, sowie nach Peking (Poly-Theater) und mit einer Gastspielreise der Salzburger Festspiele nach Osaka, Nagoya und Tokio. Dabei arbeitete er mit zahlreichen namhaften Dirigenten wie Claudio Abbado, Riccardo Muti, Zubin Mehta, Paolo Carignani, Marc Minkowski , Christian Thielemann und Sir Simon Rattle.<br />Als Sprecher und Moderator war er bei Konzerten und verschiedensten Veranstaltungen im Einsatz. Unter anderem moderierte er eine große Operettengala mit dem Salzburger Operettentheater auf Tournee in Deutschland und Österreich.<br />Sein Talent als Entertainer und Betreuer von großen und kleinen Gästen konnte er auch im „Feriendorf zum störrischen Esel“ (Club Alpin Autrichien) in Calvi auf Korsika beweisen, wo er seit 2002 immer wieder als Chef-Animateur im künstlerischen Bereich im Einsatz war. Zahlreiche Workshops, klassische Liederabende aber auch Ausflüge ins Kabarett (u.a. als „Butler James“ im Sketch „Dinner for one“) waren von Erfolg gekrönt und wurden vom Ferienpublikum sehr geschätzt.</p><dl class="ts-column-count-2 additional-info-block"></dl>					</div>
						</div>
				</div>
						</div>
					</div>
		</div>
								</div>
					</div>
		</section>
						</div>
					</div>
		</div>
								</div>
					</div>
		</section>
									</div>
			</div>
					</div>

<p>Komödiantischer Bassbariton Manfred Schwaiger wurde in Wien geboren und hat erst relativ spät, nach einer kaufmännischen Ausbildung und zehn Jahren Bürotätigkeit, seine künstlerische Laufbahn begonnen. Er absolvierte sein Gesangsstudium am Konservatorium der Stadt Wien in der Sologesangsklasse Christine Schwarz und besuchte während seiner Studienzeit auch die Opernschule bei KS Waldemar Kmentt, sowie den Operettenlehrgang bei [&hellip;]</p>
