{"id":3240,"date":"2020-06-26T13:50:20","date_gmt":"2020-06-26T13:50:20","guid":{"rendered":"https:\/\/manfred-schwaiger.at\/?page_id=3240"},"modified":"2021-05-20T13:13:12","modified_gmt":"2021-05-20T13:13:12","slug":"angebote","status":"publish","type":"page","link":"https:\/\/manfred-schwaiger.at\/index.php\/angebote\/","title":{"rendered":"Angebote"},"content":{"rendered":"\t\t<div data-elementor-type=\"wp-page\" data-elementor-id=\"3240\" class=\"elementor elementor-3240\">\n\t\t\t\t\t\t<div class=\"elementor-inner\">\n\t\t\t\t<div class=\"elementor-section-wrap\">\n\t\t\t\t\t\t\t\t\t<section class=\"elementor-section elementor-top-section elementor-element elementor-element-7d651b9 elementor-section-boxed elementor-section-height-default elementor-section-height-default\" data-id=\"7d651b9\" data-element_type=\"section\">\n\t\t\t\t\t\t<div class=\"elementor-container elementor-column-gap-default\">\n\t\t\t\t\t\t\t<div class=\"elementor-row\">\n\t\t\t\t\t<div class=\"elementor-column elementor-col-100 elementor-top-column elementor-element elementor-element-eb997d9\" data-id=\"eb997d9\" data-element_type=\"column\">\n\t\t\t<div class=\"elementor-column-wrap elementor-element-populated\">\n\t\t\t\t\t\t\t<div class=\"elementor-widget-wrap\">\n\t\t\t\t\t\t<div class=\"elementor-element elementor-element-17e0757 elementor-widget elementor-widget-text-editor\" data-id=\"17e0757\" data-element_type=\"widget\" data-widget_type=\"text-editor.default\">\n\t\t\t\t<div class=\"elementor-widget-container\">\n\t\t\t\t\t\t\t\t<div class=\"elementor-text-editor elementor-clearfix\">\n\t\t\t\t<p style=\"text-align: center;\">Neben meinen Kindertheater-Auftritten biete ich auch meine Dienste als Conf\u00e9rencier, Moderator oder S\u00e4nger (oder alles in einem) f\u00fcr Veranstaltungen aller Art, private Feiern, Kindergeburtstage, Gartenkonzerte oder<span class=\"Apple-converted-space\">\u00a0 <\/span>Hochzeiten an.<\/p><p style=\"text-align: center;\">Kosten f\u00fcr alle Veranstaltungen nach jeweiliger Vereinbarung!<\/p>\t\t\t\t\t<\/div>\n\t\t\t\t\t\t<\/div>\n\t\t\t\t<\/div>\n\t\t\t\t<div class=\"elementor-element elementor-element-e3ab85f elementor-widget-divider--view-line elementor-widget elementor-widget-divider\" data-id=\"e3ab85f\" data-element_type=\"widget\" data-widget_type=\"divider.default\">\n\t\t\t\t<div class=\"elementor-widget-container\">\n\t\t\t\t\t<div class=\"elementor-divider\">\n\t\t\t<span class=\"elementor-divider-separator\">\n\t\t\t\t\t\t<\/span>\n\t\t<\/div>\n\t\t\t\t<\/div>\n\t\t\t\t<\/div>\n\t\t\t\t\t\t<\/div>\n\t\t\t\t\t<\/div>\n\t\t<\/div>\n\t\t\t\t\t\t\t\t<\/div>\n\t\t\t\t\t<\/div>\n\t\t<\/section>\n\t\t\t\t<section class=\"elementor-section elementor-top-section elementor-element elementor-element-f02d134 elementor-section-boxed elementor-section-height-default elementor-section-height-default\" data-id=\"f02d134\" data-element_type=\"section\">\n\t\t\t\t\t\t<div class=\"elementor-container elementor-column-gap-default\">\n\t\t\t\t\t\t\t<div class=\"elementor-row\">\n\t\t\t\t\t<div class=\"elementor-column elementor-col-100 elementor-top-column elementor-element elementor-element-e1885c0\" data-id=\"e1885c0\" data-element_type=\"column\">\n\t\t\t<div class=\"elementor-column-wrap elementor-element-populated\">\n\t\t\t\t\t\t\t<div class=\"elementor-widget-wrap\">\n\t\t\t\t\t\t<div class=\"elementor-element elementor-element-47c115e elementor-widget elementor-widget-text-editor\" data-id=\"47c115e\" data-element_type=\"widget\" data-widget_type=\"text-editor.default\">\n\t\t\t\t<div class=\"elementor-widget-container\">\n\t\t\t\t\t\t\t\t<div class=\"elementor-text-editor elementor-clearfix\">\n\t\t\t\t<p><span style=\"color: #ffffff;\"><b>Konzertprogramme:<\/b><\/span><\/p>\n<ul>\n<li style=\"color: #da5252;\"><b>\u201eBlumiges Konzert\u201c<\/b><\/li>\n<\/ul>\n<p><span style=\"color: #ffffff;\">Von Tulpen aus Amsterdam, einem kleinen gr\u00fcnen Kaktus bis zur Blume aus dem Gemeindebau &#8211; Das ideale Programm f\u00fcr den Muttertag (aber nicht nur). Ein bunter Melodienstrau\u00df mit Operettenliedern, Schlagern, Kunstliedern und internationalen Blumenliedern.<\/span><\/p>\n<ul>\n<li style=\"color: #da5252;\"><b>\u201eKulinarisches Konzert\u201c<\/b><\/li>\n<\/ul>\n<p><span style=\"color: #ffffff;\">Lieder \u00fcbers Essen und Trinken, \u00fcber Wirte, S\u00e4ufer und Genie\u00dfer &#8211; Bestens geeignet f\u00fcr Wirtshauskonzerte aber auch f\u00fcr den Konzertsaal. Vom Champagner bis zum geschl\u00fcrften Badewasser, vielen Liedern vom Wein und nat\u00fcrlich auch \u00fcber feste Nahrung wie Schinkenfleckerln, Mehlspeisen und Powidltatschkerln.<\/span><\/p>\n<ul>\n<li style=\"color: #da5252;\"><b>\u201eTierisches Konzert\u201c<\/b><\/li>\n<\/ul>\n<p><span style=\"color: #ffffff;\">Singende und besungene Tiere von der Reblaus bis zum B\u00e4ren Balu und nat\u00fcrlich kommen auch Vogelf\u00e4nger und \u2013h\u00e4ndler zu Wort bzw. Gesang. Ein tierisch-fr\u00f6hliches Konzert f\u00fcr die ganze Familie. Mitsingen ist ausdr\u00fccklich erlaubt und erw\u00fcnscht!<\/span><\/p>\n<ul>\n<li style=\"color: #da5252;\"><b>Ein \u201eJapanisch-Wienerisches Konzert\u201c<\/b><\/li>\n<\/ul>\n<p><span style=\"color: #ffffff;\">Eine Japanerin und ein Wiener singen und f\u00fchren durch ein Programm mit den sch\u00f6nsten Liedern aus Japan und Wien. Begleitet werden sie dabei von Klavier und Geige. Und auch humorige G\u2019schichteln, die man so jeweils im anderen Kulturkreis erlebt hat, kommen zur Sprache. Aber nat\u00fcrlich auch viel Gemeinsamkeiten. Gesungen, gegessen, getrunken und geliebt wird schlie\u00dflich hier und dort.<\/span><\/p>\n<ul>\n<li style=\"color: #da5252;\"><b>Eine \u201eMusikalische Weltreise\u201c<\/b><\/li>\n<\/ul>\n<p><span style=\"color: #ffffff;\">Lieder aus der ganzen Welt (teilweise in der Originalsprache) f\u00fchren uns durch alle Kontinente. Ein Konzertabend zum Staunen und Genie\u00dfen und eine musikalische Verf\u00fchrungsreise. Nach dem Konzert f\u00fchlt man sich wie nach einem sch\u00f6nen Urlaub.<\/span><\/p>\n<ul>\n<li style=\"color: #da5252;\"><b>Ein \u201eBEST OF\u2026 Musical, Operette, Oper, Wiener Lied und Schlager\u201c<\/b><\/li>\n<\/ul>\n<p><span style=\"color: #ffffff;\">Man darf auch im Vorfeld w\u00e4hlen, welche Sparten man dabei haben m\u00f6chte und welche vielleicht auch nicht! Nat\u00fcrlich gibt es jeweils gen\u00fcgend Programm f\u00fcr ein \u201eBest of..\u201c ganz nach Wunsch.<\/span><\/p>\n<p style=\"text-align: center;\">Alle Konzerte mit Klavierbegleitung und beim \u201eJapan-Wien\u201c-Konzert dazu noch mit Geige.<\/p>\t\t\t\t\t<\/div>\n\t\t\t\t\t\t<\/div>\n\t\t\t\t<\/div>\n\t\t\t\t\t\t<\/div>\n\t\t\t\t\t<\/div>\n\t\t<\/div>\n\t\t\t\t\t\t\t\t<\/div>\n\t\t\t\t\t<\/div>\n\t\t<\/section>\n\t\t\t\t\t\t\t\t\t<\/div>\n\t\t\t<\/div>\n\t\t\t\t\t<\/div>\n\t\t","protected":false},"excerpt":{"rendered":"<p>Neben meinen Kindertheater-Auftritten biete ich auch meine Dienste als Conf\u00e9rencier, Moderator oder S\u00e4nger (oder alles in einem) f\u00fcr Veranstaltungen aller Art, private Feiern, Kindergeburtstage, Gartenkonzerte oder\u00a0 Hochzeiten an. Kosten f\u00fcr alle Veranstaltungen nach jeweiliger Vereinbarung! Konzertprogramme: \u201eBlumiges Konzert\u201c Von Tulpen aus Amsterdam, einem kleinen gr\u00fcnen Kaktus bis zur Blume aus dem Gemeindebau &#8211; Das ideale [&hellip;]<\/p>\n","protected":false},"author":1,"featured_media":0,"parent":0,"menu_order":0,"comment_status":"closed","ping_status":"closed","template":"","meta":[],"_links":{"self":[{"href":"https:\/\/manfred-schwaiger.at\/index.php\/wp-json\/wp\/v2\/pages\/3240"}],"collection":[{"href":"https:\/\/manfred-schwaiger.at\/index.php\/wp-json\/wp\/v2\/pages"}],"about":[{"href":"https:\/\/manfred-schwaiger.at\/index.php\/wp-json\/wp\/v2\/types\/page"}],"author":[{"embeddable":true,"href":"https:\/\/manfred-schwaiger.at\/index.php\/wp-json\/wp\/v2\/users\/1"}],"replies":[{"embeddable":true,"href":"https:\/\/manfred-schwaiger.at\/index.php\/wp-json\/wp\/v2\/comments?post=3240"}],"version-history":[{"count":15,"href":"https:\/\/manfred-schwaiger.at\/index.php\/wp-json\/wp\/v2\/pages\/3240\/revisions"}],"predecessor-version":[{"id":3329,"href":"https:\/\/manfred-schwaiger.at\/index.php\/wp-json\/wp\/v2\/pages\/3240\/revisions\/3329"}],"wp:attachment":[{"href":"https:\/\/manfred-schwaiger.at\/index.php\/wp-json\/wp\/v2\/media?parent=3240"}],"curies":[{"name":"wp","href":"https:\/\/api.w.org\/{rel}","templated":true}]}}

<div data-elementor-type="wp-page" data-elementor-id="3240" class="elementor elementor-3240">
						<div class="elementor-inner">
				<div class="elementor-section-wrap">
									<section class="elementor-section elementor-top-section elementor-element elementor-element-7d651b9 elementor-section-boxed elementor-section-height-default elementor-section-height-default" data-id="7d651b9" data-element_type="section">
						<div class="elementor-container elementor-column-gap-default">
							<div class="elementor-row">
					<div class="elementor-column elementor-col-100 elementor-top-column elementor-element elementor-element-eb997d9" data-id="eb997d9" data-element_type="column">
			<div class="elementor-column-wrap elementor-element-populated">
							<div class="elementor-widget-wrap">
						<div class="elementor-element elementor-element-17e0757 elementor-widget elementor-widget-text-editor" data-id="17e0757" data-element_type="widget" data-widget_type="text-editor.default">
				<div class="elementor-widget-container">
								<div class="elementor-text-editor elementor-clearfix">
				<p style="text-align: center;">Neben meinen Kindertheater-Auftritten biete ich auch meine Dienste als Conférencier, Moderator oder Sänger (oder alles in einem) für Veranstaltungen aller Art, private Feiern, Kindergeburtstage, Gartenkonzerte oder<span class="Apple-converted-space">  </span>Hochzeiten an.</p><p style="text-align: center;">Kosten für alle Veranstaltungen nach jeweiliger Vereinbarung!</p>					</div>
						</div>
				</div>
				<div class="elementor-element elementor-element-e3ab85f elementor-widget-divider--view-line elementor-widget elementor-widget-divider" data-id="e3ab85f" data-element_type="widget" data-widget_type="divider.default">
				<div class="elementor-widget-container">
					<div class="elementor-divider">
			<span class="elementor-divider-separator">
						</span>
		</div>
				</div>
				</div>
						</div>
					</div>
		</div>
								</div>
					</div>
		</section>
				<section class="elementor-section elementor-top-section elementor-element elementor-element-f02d134 elementor-section-boxed elementor-section-height-default elementor-section-height-default" data-id="f02d134" data-element_type="section">
						<div class="elementor-container elementor-column-gap-default">
							<div class="elementor-row">
					<div class="elementor-column elementor-col-100 elementor-top-column elementor-element elementor-element-e1885c0" data-id="e1885c0" data-element_type="column">
			<div class="elementor-column-wrap elementor-element-populated">
							<div class="elementor-widget-wrap">
						<div class="elementor-element elementor-element-47c115e elementor-widget elementor-widget-text-editor" data-id="47c115e" data-element_type="widget" data-widget_type="text-editor.default">
				<div class="elementor-widget-container">
								<div class="elementor-text-editor elementor-clearfix">
				<p><span style="color: #ffffff;"><b>Konzertprogramme:</b></span></p>
<ul>
<li style="color: #da5252;"><b>„Blumiges Konzert“</b></li>
</ul>
<p><span style="color: #ffffff;">Von Tulpen aus Amsterdam, einem kleinen grünen Kaktus bis zur Blume aus dem Gemeindebau &#8211; Das ideale Programm für den Muttertag (aber nicht nur). Ein bunter Melodienstrauß mit Operettenliedern, Schlagern, Kunstliedern und internationalen Blumenliedern.</span></p>
<ul>
<li style="color: #da5252;"><b>„Kulinarisches Konzert“</b></li>
</ul>
<p><span style="color: #ffffff;">Lieder übers Essen und Trinken, über Wirte, Säufer und Genießer &#8211; Bestens geeignet für Wirtshauskonzerte aber auch für den Konzertsaal. Vom Champagner bis zum geschlürften Badewasser, vielen Liedern vom Wein und natürlich auch über feste Nahrung wie Schinkenfleckerln, Mehlspeisen und Powidltatschkerln.</span></p>
<ul>
<li style="color: #da5252;"><b>„Tierisches Konzert“</b></li>
</ul>
<p><span style="color: #ffffff;">Singende und besungene Tiere von der Reblaus bis zum Bären Balu und natürlich kommen auch Vogelfänger und –händler zu Wort bzw. Gesang. Ein tierisch-fröhliches Konzert für die ganze Familie. Mitsingen ist ausdrücklich erlaubt und erwünscht!</span></p>
<ul>
<li style="color: #da5252;"><b>Ein „Japanisch-Wienerisches Konzert“</b></li>
</ul>
<p><span style="color: #ffffff;">Eine Japanerin und ein Wiener singen und führen durch ein Programm mit den schönsten Liedern aus Japan und Wien. Begleitet werden sie dabei von Klavier und Geige. Und auch humorige G’schichteln, die man so jeweils im anderen Kulturkreis erlebt hat, kommen zur Sprache. Aber natürlich auch viel Gemeinsamkeiten. Gesungen, gegessen, getrunken und geliebt wird schließlich hier und dort.</span></p>
<ul>
<li style="color: #da5252;"><b>Eine „Musikalische Weltreise“</b></li>
</ul>
<p><span style="color: #ffffff;">Lieder aus der ganzen Welt (teilweise in der Originalsprache) führen uns durch alle Kontinente. Ein Konzertabend zum Staunen und Genießen und eine musikalische Verführungsreise. Nach dem Konzert fühlt man sich wie nach einem schönen Urlaub.</span></p>
<ul>
<li style="color: #da5252;"><b>Ein „BEST OF… Musical, Operette, Oper, Wiener Lied und Schlager“</b></li>
</ul>
<p><span style="color: #ffffff;">Man darf auch im Vorfeld wählen, welche Sparten man dabei haben möchte und welche vielleicht auch nicht! Natürlich gibt es jeweils genügend Programm für ein „Best of..“ ganz nach Wunsch.</span></p>
<p style="text-align: center;">Alle Konzerte mit Klavierbegleitung und beim „Japan-Wien“-Konzert dazu noch mit Geige.</p>					</div>
						</div>
				</div>
						</div>
					</div>
		</div>
								</div>
					</div>
		</section>
									</div>
			</div>
					</div>

<p>Neben meinen Kindertheater-Auftritten biete ich auch meine Dienste als Conférencier, Moderator oder Sänger (oder alles in einem) für Veranstaltungen aller Art, private Feiern, Kindergeburtstage, Gartenkonzerte oder  Hochzeiten an. Kosten für alle Veranstaltungen nach jeweiliger Vereinbarung! Konzertprogramme: „Blumiges Konzert“ Von Tulpen aus Amsterdam, einem kleinen grünen Kaktus bis zur Blume aus dem Gemeindebau &#8211; Das ideale [&hellip;]</p>
